 -229. Let g = d - 3. List the prime factors of g.
2, 11, 13
Suppose x - 6*x - 4*c + 14482 = 0, -c = -3. Suppose 0 = -7*q - 423 + x. What are the prime factors of q?
353
Let m(u) = 338*u**2 - 52*u + 214. What are the prime factors of m(4)?
2, 2707
Let i be (-196)/882 + 7606/18*-5. Let p = 3943 + i. List the prime factors of p.
2, 3, 5, 61
Let x be (-6)/(-14) + (-2924)/(-119). List the prime factors of 8750/x + (0 - (3 + -2)).
349
Suppose -6*x = -4*x - 3*b - 55, -3*x + 5*b = -83. Suppose -5*y - l + x = -0*l, -5*y = -l - 24. Suppose -y*w + 224 + 531 = 0. What are the prime factors of w?
151
Suppose 2*s + u + 0 = 5, -3*u + 10 = 5*s. Suppose -544 - 1091 = -s*y. Suppose 0 = 5*h - 2*h - y. What are the prime factors of h?
109
Suppose -10 - 15 = 5*v. Let p(a) = -3*a**3 - 7*a**2 - 8*a - 14. What are the prime factors of p(v)?
2, 113
Suppose -17*r - 5095 = -879. Let k = -190 - r. What are the prime factors of k?
2, 29
Let h(n) = 767*n - 950. List the prime factors of h(12).
2, 4127
Suppose 0 = -4*y + 6*y. Suppose -z + 7*z - 1218 = y. Suppose 3*g - 5*i - z = 0, 4*i + 268 = 4*g - 0*i. What are the prime factors of g?
2, 3, 11
Suppose 7*v - 6*v - k = 1191, 1191 = v - 2*k. Suppose -2*b - b + 597 = 2*r, -v = -4*r - 5*b. What are the prime factors of r?
2, 3, 7
Let n = 16392 - 3192. List the prime factors of n.
2, 3, 5, 11
Let h(j) = -74*j - 6 + 81*j - 9. Let o be h(3). What are the prime factors of (-1467)/(-45)*(o + -1)?
163
Suppose -2*n - 4*m + 36224 = 0, -831*n = -834*n + 2*m + 54304. List the prime factors of n.
2, 31, 73
Suppose -4*w = 5 - 1, -5*w = -2*q + 3. List the prime factors of (5/(-15))/(q/4359).
1453
Suppose -13 = -12*j + 47. Let v(o) = 1 + j*o**2 - 49*o + 6 + o**3 + 50*o. What are the prime factors of v(-5)?
2
Let i(h) = h**2 + 39*h - 198. List the prime factors of i(5).
2, 11
Let o(s) be the third derivative of -437*s**4/12 - 13*s**3/3 + 2*s**2 + 25*s. What are the prime factors of o(-1)?
2, 53
Let i(x) be the second derivative of x**5/20 - 13*x**4/12 + 5*x**3/6 - 25*x**2 + 108*x. What are the prime factors of i(15)?
5, 19
Let h be (-3)/12 + (11709/(-12))/(-3). Suppose -5*c + f + 466 - 141 = 0, 5*c + 2*f - h = 0. List the prime factors of c.
5, 13
Let t(g) = -g**3 + g**2 + g - 8. Let h be t(0). Let d(s) be the third derivative of s**5/30 + s**4/2 + 3*s**3/2 - 8*s**2 - 6. List the prime factors of d(h).
41
Let h(z) = -273*z**3 - z**2 + z. Let s be 25/10*(0 + 6/(-15)). List the prime factors of h(s).
271
Let c be ((18/(-27))/(-1))/((-4)/(-18)). What are the prime factors of 806/c - (30/(-18))/5?
269
Suppose -v + 13 = -5*c + 2*c, 3*v + 16 = -2*c. Let w be 990/255 + v/(-17). Suppose -l + 335 = w*l. What are the prime factors of l?
67
Suppose 4*o = -4 - 0, -21 = -3*b + 3*o. Let z be (-2 - 548/(-3)) + 2/b. Let x = z + -101. What are the prime factors of x?
2, 5
Suppose 5*f - 1 - 1 = c, -5*c = -2*f + 10. Let t = c - -5. Suppose 0 = 5*y - t*y - 256. What are the prime factors of y?
2
Suppose 2*z - 1202 = 5*j, 2*j + 498 = 4*z + 14. List the prime factors of -15*(-6 - j/(-18)).
2, 5, 29
Let k(o) = -5*o**2 - 9*o + 212. Let v(w) = -w**2 + 2*w - 2. Let z(c) = k(c) - 6*v(c). What are the prime factors of z(22)?
2, 3, 41
Suppose p - 10320 = l, -p + 2*l + 3502 + 6822 = 0. List the prime factors of p.
2, 2579
Suppose -171*a = -3*v - 175*a + 1669, -3*v + 3*a = -1683. List the prime factors of v.
13, 43
Let d(z) = 3*z - 41*z**2 + 2*z + 3 + 43*z**2 + 3*z + 3*z. Suppose 0 = 2*l + 2*f + 22, l - 2*f + 19 = -5*f. List the prime factors of d(l).
2, 3
Let j(n) be the third derivative of -3*n**6/40 - n**5/30 + 5*n**4/12 + n**3/2 + 27*n**2. Let l be j(-4). Suppose l = 5*x - 333. What are the prime factors of x?
2, 3, 7
Let h be (-2 + 438/4)/(2/4). Let o = h - -485. List the prime factors of o.
2, 5, 7
Let x = 116697 - 76719. What are the prime factors of x?
2, 3, 2221
List the prime factors of ((-4312)/308)/(7/(-1262)).
2, 631
Let g be (-786)/18 - (-2)/3. Let b = g + 79. Suppose -34*t + b*t - 152 = 0. What are the prime factors of t?
2, 19
Let q = -442 + 446. Suppose 0 = q*w - 5 + 1, -3*n = -2*w - 1960. What are the prime factors of n?
2, 3, 109
Let p(o) be the second derivative of 19*o**5/4 - o**3/6 + 3*o**2 - 107*o - 1. What are the prime factors of p(2)?
2, 191
Suppose 9*h - 2755 + 199 = 0. Suppose -5*p + h = -766. What are the prime factors of p?
2, 3, 5, 7
Let h = 8679 - 5262. What are the prime factors of h?
3, 17, 67
Let a = -230 - -233. Suppose 0 = 4*u - 12, 3*u - 1386 = -a*g + 6*u. What are the prime factors of g?
3, 5, 31
Suppose 18*f = 294 + 372. List the prime factors of 28 + f + (1 + 0)/(-1).
2
Suppose 0 = 5*n - 5, 2*y - 7*y = -4*n - 211. Let b = -43 + y. Suppose -t + 2*t - 3*w - 219 = 0, -t + 2*w + 219 = b. List the prime factors of t.
3, 73
Let k = 14 + -6. Suppose -6*l = -k*l + 74. Suppose -328 = -l*q + 35*q. List the prime factors of q.
2, 41
Let a(y) = -y**2 + 4*y - 1. Let w be a(2). Suppose 0 = -w*j + 6, 28 - 11 = 3*v + j. List the prime factors of v.
5
Suppose 4*h = 44*t - 43*t + 126504, 63252 = 2*h + 3*t. What are the prime factors of h?
2, 3, 7, 251
Let z(a) = 11*a**2 - 14*a + 51. Let j(f) = 3*f**2 - f + 3. Let c(x) = -3*j(x) + z(x). Let i(d) = d**2 - 4*d - 2. Let r be i(6). List the prime factors of c(r).
2, 3, 11
Suppose -129796 - 93897 = -15*t + 299942. List the prime factors of t.
7, 4987
Suppose -2*w + 921 = -0*m + m, 2*w = -2*m + 1836. Suppose 0 = -20*h + 17*h + m. What are the prime factors of (-6)/(-8) + h/4?
7, 11
Suppose -4*l + 3*l + 2189 = n, 5*n = -3*l + 6559. What are the prime factors of l?
3, 17, 43
Suppose -63*i + 1188608 - 345665 = -665340. List the prime factors of i.
89, 269
Let r(q) = 2*q**2 - 16*q + 3. Let u be r(8). Suppose -2*b = -u*b, -4*b + 6 = m. Suppose m*v = v + 195. List the prime factors of v.
3, 13
Let b be (5/(-15))/((-92)/(-24) - 4). Suppose -4*l + q = -998, -b*l + 2*q = 3*l - 1249. List the prime factors of l.
3, 83
Suppose 5*a - 8352 - 6902 = -r, 5*a + 20 = 0. What are the prime factors of r?
2, 7, 1091
Suppose -1123*c + 1174*c = 1244706. What are the prime factors of c?
2, 12203
Let k(l) = -l**3 + 10*l**2 + 17. Let z be k(10). Let u(i) = 7*i + 23. List the prime factors of u(z).
2, 71
Let h = 69 - 64. Let g(y) = -45 + y**2 + y - y - h*y + 35. What are the prime factors of g(-2)?
2
Suppose 39 = 3*n + 3*y, -2*n + 4*y + 8 = -0*n. Suppose 6*t = -3*k + 5*t + 2671, n = -2*t. List the prime factors of k.
2, 223
Suppose -302692 - 104282 - 216968 = -11*y. List the prime factors of y.
2, 79, 359
Suppose -2*g = 3*a - 192, 0 = -0*a + 2*a + 2*g - 128. What are the prime factors of (6 + a/(-12))*213?
2, 71
Suppose 137*q + 5918 = 2*x + 141*q, 14800 = 5*x + 5*q. List the prime factors of x.
3, 7, 47
Let t = 17609 + -8507. What are the prime factors of t?
2, 3, 37, 41
Suppose 3*d + f + 3*f + 8 = 0, 0 = 2*d + 5*f + 10. Suppose -5*q - 759 + 2909 = d. List the prime factors of q.
2, 5, 43
List the prime factors of 9900/125*710/3.
2, 3, 11, 71
Let i(l) = -42*l - 217. List the prime factors of i(-12).
7, 41
Let g(a) = 1395*a - 2826. What are the prime factors of g(7)?
3, 257
Suppose 744 - 184 = -5*r. Let w = 114 + r. Suppose 2*a - 902 = -w*a - 5*t, -3*t = 6. What are the prime factors of a?
2, 3, 19
Let r(a) be the third derivative of 3*a**5/10 + 7*a**4/12 - 17*a**3/2 - 11*a**2 - 2*a. What are the prime factors of r(6)?
3, 227
Suppose -6*q - 2387 = -2369. List the prime factors of (6/3)/(q/(-699)).
2, 233
Let s(w) = w**3 - 30*w**2 - 33*w - 23. What are the prime factors of s(32)?
3, 17, 19
Suppose n + 4*j + 2195 - 8470 = 0, j - 3 = 0. List the prime factors of n.
6263
Let j(o) = o**2 + 4 + 3 - 4*o - 4 + 0. Let w be j(4). Suppose -c - w*c = -148. List the prime factors of c.
37
Let q(b) = b**2 - 13*b + 50. Let m(g) = -2*g**2 + 26*g - 98. Let f(k) = -3*m(k) - 5*q(k). What are the prime factors of f(15)?
2, 37
Let a = 11258 + -5264. List the prime factors of a.
2, 3, 37
Let l = 5151 - 2803. What are the prime factors of l?
2, 587
Let x(l) = 10*l + 19. Let q(d) = 3*d + 6. Let n(o) = 7*q(o) - 2*x(o). Let w be n(-8). List the prime factors of w + (1 - 2)*1570/(-10).
3, 17
Suppose 0 = -29*q + 18*q - 1309. Let z = -89 - q. What are the prime factors of z?
2, 3, 5
Let y be (-1)/((-2)/(-6))*(-40)/(-12). Let a(r) = -r**3 - 7*r**2 + 6. Let 